)/n). Let a(f) = 4 + g*f - 3*f - 2 - f. Calculate a(3).
-4
Let g(k) be the second derivative of k**3/6 + 2*k + 662. Suppose x = -2*a + 9, -2*a = a - 3*x - 27. What is g(a)?
6
Suppose -9 = 5*p - 24. Let n(h) = -h**2 - h. Let x(s) = 4*s**2 + 10*s - 2. Suppose 11 = -4*q - 9. Let i(z) = q*n(z) - x(z). Give i(p).
-4
Let g(r) be the first derivative of 3*r**2/2 - 11*r - 7. Give g(5).
4
Let o(z) be the first derivative of z**4/24 + z**3/6 - 3*z**2/2 + 11. Let f(r) be the second derivative of o(r). Let c = -11 - -7. Determine f(c).
-3
Let n(k) be the third derivative of -11*k**4/24 - 2*k**2 + 38*k. Calculate n(-2).
22
Let x(h) = -28*h**2 + 5*h - h**3 + 0*h + 31*h**2. What is x(5)?
-25
Let o(j) = 7*j - j + 6*j - 2*j. Suppose 0 = 2*t - 5*r - 27, 4*t + 4*r + 17 = 1. What is o(t)?
10
Let l(x) = 16834*x**3 - 33657*x**3 + 16822*x**3. Let y be 0/(-1*(1 + 1)). Suppose y*b + 2 = -b. Determine l(b).
8
Let i(s) = 2*s - 39 + 22 + 16. Let b(x) = -16*x + 5. Let n(d) = b(d) + 2*i(d). Calculate n(2).
-21
Let z(u) be the third derivative of -u**5/60 + 5*u**4/6 + 19*u**3/6 - 674*u**2. Calculate z(21).
-2
Let k(p) = 17*p**2 + 2*p - 4. Let c(o) = 5*o**2 - o + 1. Let d(h) = -3*c(h) + k(h). Give d(-3).
-4
Let c(q) be the first derivative of -15*q**4/4 + q**3/3 - q**2/2 - q + 940. What is c(-1)?
16
Let s(l) = -l**3 + 8*l**2 - 5*l - 9. Let n be (-4)/(-1) + 8 + (-9 - -4). Give s(n).
5
Let z(t) = -1 + 22*t - 16*t - 9*t. Suppose 8 = p + 13. Give z(p).
14
Let z be 0 + (4 - (3 - -1)). Let g(h) = -3*h + 6. Let w be g(z). Let a(j) = -j**3 + 6*j**2 - 3*j + 9. Calculate a(w).
-9
Let f(w) be the third derivative of -w**6/60 - w**5/60 + w**4/8 + w**3/6 + 66*w**2. Suppose -2*o + 7 = -o. Let i = 5 - o. Determine f(i).
7
Let b(s) = s**2 - 1. Let g be 3*(-5 + (-117)/(-27)). Let u(q) = -5*q + 2*q**3 - 2 - 3*q**3 - 14*q**2 + 6*q**2. Let t(d) = g*b(d) - u(d). Calculate t(-5).
4
Let r(n) be the second derivative of n**5/20 + 7*n**4/12 + 5*n**3/6 - 3*n**2/2 - 2*n + 18. What is r(-6)?
3
Let c = 0 - 4. Let p be c/(2*-2) + 0. Let r(n) be the third derivative of -n**4/3 + 2*n**2. Determine r(p).
-8
Let n(z) = -z**3 + 6*z**2 - 6*z + 2. Suppose 0 = k + 2*k - 12. Suppose 32 = 3*m - k*f, 2*m + 2*f = -0*f - 2. What is n(m)?
10
Suppose 2*s - 6 - 2 = 2*t, -5*s = 5*t. Let o(x) = 5*x + 2. Let h(l) = 4*l + 3. Let m(y) = t*h(y) + 3*o(y). Determine m(2).
14
Suppose -274 = -54*k + 158. Let a(z) = -4*z + 11. Determine a(k).
-21
Let z be ((-3)/(-2))/((-3)/(-33) + (-594)/(-1452)). Let x(u) be the first derivative of u**3 - 2*u**2 + 3*u - 1. What is x(z)?
18
Suppose h - 6 = -h. Suppose -4*m + h*m - 11 = i, m - i = -1. Let x(k) = -k**3 - 7*k**2 - 4*k + 8. Determine x(m).
-4
Let h(j) be the first derivative of -8 - j**2 + 0*j**2 + 2*j**2 - j + 0. What is h(2)?
3
Let f(l) = 9*l + 5404 - 10806 - l**2 + 5415. Determine f(10).
3
Let u(q) be the third derivative of -q**4/24 - q**3/2 + 40*q**2. What is u(0)?
-3
Let o(p) be the second derivative of 7*p**6/360 - p**4/12 + 6*p**3 - 3*p. Let n(m) be the second derivative of o(m). Determine n(2).
26
Let n(z) = 17*z + 1. Let c be (1 - 1)*(10 - 3 - 8). Suppose -4*h - 2*p = c, -4*h + 0*p = 4*p + 4. Give n(h).
18
Let b(j) = -3*j**2 + 3*j + 3. Let i be (11 - 9)*(-2)/3*-3. What is b(i)?
-33
Let w(a) = -a**2 + 7*a + 8. Suppose 5*y = y + 12. Let i(l) = 2*l**2 - 68*l - 42. Let x be i(35). Suppose 0 = -y*r - 4*k - 2, -1 = 2*r - 3*k - x. Give w(r).
14
Let c(n) = -n**2 - 10*n - 11. Suppose -7*k = -3*h - 9*k - 28, 5*h = -4*k - 46. What is c(h)?
-11
Let x = 1/2 + -1/6. Let a(v) be the second derivative of 0 - x*v**3 + v**2 + v. Give a(2).
-2
Let a(s) = -7*s**2 + 12*s + 3. Let y(k) = -6*k**2 + 11*k + 2. Let h(n) = 5*a(n) - 6*y(n). Suppose 5 + 4 = 3*c. Determine h(c).
-6
Let h(k) = 4*k - 58. Let z be h(15). Suppose 3*v + 5 = 2*j, -2 + 5 = -v + z*j. Let d(n) = n**3 + n**2 + n + 1. What is d(v)?
0
Let z(f) = 6*f**2 - 4*f - 2*f**2 - f + 5 - 2*f**2. Calculate z(2).
3
Let p(t) be the second derivative of -t**4/12 + t**3/6 + 4*t**2 - t. Suppose 163*u = 160*u - 3*v + 21, 4*u - 2*v = -14. What is p(u)?
8
Let c(d) = -6*d + 1 + d**3 + 7*d - 10*d + 4*d + 4*d**2. Suppose w = -3*w - 20. Determine c(w).
1
Let q(j) = j**2 - 13*j + 4. Let v(a) = -4*a**2 + 20*a - 3. Let s be v(4). What is q(s)?
4
Let k be (-2)/(-6)*18/2. Let i(x) = -x + 1. Let m be i(k). Let q(o) = -8 - o + 6*o - 4*o - 11 + 18. Give q(m).
-3
Let r(m) = -18*m + 12. Let l be r(-5). Let t(u) = -l*u**2 + 10*u - 8 - u + 107*u**2 + u**3 - 2*u**3. Calculate t(6).
10
Suppose 2*h + 0 + 7 = 3*l, 3*l = -4*h - 5. Let r(u) = 2*u + 18. Let i be r(-8). Let p(c) = -c + 24*c**3 - i - 23*c**3 - c. Give p(h).
-6
Let l(c) = c + 7. Let m = 16 - 33. Let r = -52 - m. Let w be (-4)/(-7) - (-195)/r. Calculate l(w).
2
Let f(c) = -c**3 - 14*c**2 + c + 19. Suppose -158*i + 84 = -164*i. Calculate f(i).
5
Let k(c) = -3*c**3 - 8*c**2 + 10*c + 7. Let x(y) = -4*y**3 - 9*y**2 + 11*y + 7. Let r(u) = 3*k(u) - 2*x(u). Let g be (3 + 10)*1/1. Let b = 6 - g. What is r(b)?
0
Let o(j) be the first derivative of 0*j - 1/24*j**4 + 0*j**2 + 1/120*j**5 - 4 - 4/3*j**3. Let f(k) be the third derivative of o(k). What is f(-1)?
-2
Let t(u) = u**3 + 12*u**2 + 14*u - 8. Let z(v) = v**2 + 1. Let s(a) = -t(a) - 3*z(a). Calculate s(-14).
5
Let n(a) = a + 2. Let j(s) = 3*s - 12 + 0*s + 18. Let q(f) = 3*j(f) - 8*n(f). What is q(-3)?
-1
Let o be (7 - (6 + -4))*(-7 - -2). Let c = o - -33. Let r(x) = -x**2 + 9*x - 10. What is r(c)?
-2
Suppose 13 = 3*b + 4*a, -b + a + 11 = 3*b. Suppose 0 = 2*r + 2, 7*l - 2*l - 3*r - 18 = 0. Let t(j) = -j**3 - l*j + 5*j**2 - 3*j + 2*j + 2. Determine t(b).
8
Let l(c) = c**3 + 4*c**2 + 4*c + 2. Let r(i) = -i + 3. Let j be r(7). What is l(j)?
-14
Let q(s) be the first derivative of -6 + 2/3*s**3 - 1/2*s**2 + 0*s. What is q(1)?
1
Let f(t) = -8*t - 17. Let c(j) = -3*j - 6. Let v(s) = 11*c(s) - 4*f(s). Let k = -171 + 171. What is v(k)?
2
Let d(q) be the third derivative of 1/60*q**5 + 0*q + 0*q**3 + 1/24*q**4 + 3*q**2 + 0. Let v(a) = -a**2 - 16*a - 18. Let x be v(-15). Calculate d(x).
6
Let o(v) = -v + 4. Let b(z) = -z**3 + 20*z**2 + 71*z - 41. Let d be b(23). Determine o(d).
-1
Let g(h) = -h - 1. Let l be g(-3). Let r(q) = 6 + q - 2*q - l. Let w(u) = u - 3. Let z be w(5). Give r(z).
2
Let i = -415 - -1663/4. Let k(z) be the first derivative of -z**2 + 0*z + 4 + 4/3*z**3 - i*z**4. Give k(2).
-12
Let o = 104 - 101. Let k = 8 - 2. Let c(u) = 2*u + 0*u - k*u**o + u + 7*u**3 + 2*u**2. Calculate c(-2).
-6
Suppose 5*d = -h + 22, -27 = -4*h - 4*d - 3. Let x(f) = 4*f**2 - 3 + 2*f - f - f**3 - h. Let y = -853 - -857. What is x(y)?
-1
Let b = -2 - -5. Let d(f) = -3*f**2 - 3 - 5*f - f**b - 4 - 3*f**2. Suppose 0 = -3*o - 57 + 42. What is d(o)?
-7
Suppose i = -i + 10. Let l(v) = -2 + i*v**2 - v**3 + 2 - 3*v + 7. What is l(5)?
-8
Let o(b) = -2*b - 20. Suppose 0 = m + 5*a + 4 + 3, 3*a = 0. Determine o(m).
-6
Let n = -17 - -19. Let b(w) = 0 + 3 - w**3 + 22*w**n + 0 - 6*w - 18*w**2. Determine b(4).
-21
Let x(s) = s**2 - s + 14. Suppose 10*f = 28*f. Calculate x(f).
14
Let w(z) = -3*z + 11. Let d(k) = 2*k - 6. Let n(m) = 5*d(m) + 3*w(m). Let q(t) = -2*t**2 - 3*t + 1. Let j be q(1). Determine n(j).
-1
Suppose -m + 8 = 2. Let n(h) be the first derivative of h**4/4 - 2*h**3 + h**2 - 6*h + 48. Give n(m).
6
Let x be ((-4)/14)/((-3)/21). Let k(j) = -8 + 2*j - j - x*j. Let w be k(-2). Let s(b) = b**2 + 7*b + 7. What is s(w)?
1
Let g(n) = 10*n**2 - 2*n - 1. Suppose 5*t - 4 = 16. Suppose 0 = 4*l - 4*r - 16, 5*l - r - 2*r = 18. Suppose -t = l*q - 1. Give g(q).
11
Suppose 6*g - 8 = 22. Suppose -3 = -4*q + 5. Let b(i) = -q*i - 2 + 0 + i**2 - 4*i. What is b(g)?
-7
Let d(z) be the third derivative of -1/3*z**3 + 0*z + 1/30*z**5 - 1/8*z**4 + 3*z**2 + 0. Suppose 9 = 4*o - o. What is d(o)?
7
Let v(n) = 31*n + 11 - 33*n + 8. Calculate v(7).
5
Let p(y) = -3*y**2 + 2*y - 1. Let a(l) = -2*l**3 + 5*l**2 + 3*l**3 - 3 + 3*l + 0*l. Let x = -278 - -274. Let c be a(x). Determine p(c).
-2
Suppose 3*j = 5*w - 13, 3*w - 5*j = w + 9. Suppose 5*q + 22 = n, q = -2*n - 0*n + 22. Suppose u + 9 = w*f, 3*f - 4*u = -u + n. Let s(c) = c - 7. Calculate s(f).
-2
Let h(y) = -19*y + 32*y - 14*y - 4. Determine h(2).
-6
Let x(r) = 0*r + 0 + r + 1. Let o be ((-120)/(-20))/(3 - 1). Suppose o*z = 5*z + 3*v + 9, 0 = z - v + 7. Determine x